. What are the prime factors of j?
2, 47
Let l = -2 - -13. Suppose -7*a = -l*a + 184. Suppose -2*r = 10 - a. What are the prime factors of r?
2, 3
Let a = -26 + 27. Let h = 1 - a. Suppose 5*l + 4*t = 107, h = 5*l - 2*t + 5*t - 104. List the prime factors of l.
19
Let k be 6/(-4)*(-4 + 148/6). Let y = k - -39. What are the prime factors of y?
2
Let k be 18/4*(-8)/(-12). Suppose 2*b - 568 = 4*x, k*b - 885 = -2*x - 3*x. Suppose -b = -9*y + 4*y. What are the prime factors of y?
2, 29
Let n = 277 + -191. Let r = -28 + n. List the prime factors of r.
2, 29
Let d = 19419 - 13821. What are the prime factors of d?
2, 3, 311
Let f be 6/5*(-100)/(-28)*7. What are the prime factors of (-98)/(-6) - (-20)/f?
17
Let z(l) be the third derivative of l**4/24 + 7*l**3/3 + 5*l**2. Suppose 0 = 9*q - 13*q. List the prime factors of z(q).
2, 7
Let k = 386 - 270. Let n be 1*(3*-17 - 2). Let x = k + n. What are the prime factors of x?
3, 7
Let g(u) = 24*u**2 - 22*u - 27. List the prime factors of g(13).
19, 197
Let y(o) = -2*o**3 - o**2 - o + 2. Let q be y(1). Let m = 35 - 8. What are the prime factors of m - ((-4)/4 - q)?
2, 13
Let w be (3/(-1))/(((-12)/86)/2). Let n = w - 29. List the prime factors of n.
2, 7
Let t be 69 - (-4 + 2)/(-1). Let y = t - 34. What are the prime factors of y?
3, 11
Let a be (0*4/(-12))/(-3). Suppose a = -2*u + 3*u - 32. What are the prime factors of u?
2
Let t = -11 - -9. Let c(a) = -8*a**3 - a - 1. What are the prime factors of c(t)?
5, 13
Let k = -31 + 21. List the prime factors of 12/(-1 + 4) + (-210)/k.
5
Suppose -5 + 6 = -y. Let f = 8 - y. List the prime factors of f.
3
Suppose -3*g + 1524 = 2*w, 3*w - 2320 = 3*g + g. What are the prime factors of w?
2, 3
Suppose 99*z = 103*z - 22228. List the prime factors of z.
5557
Let o be ((-36)/(-10))/((-69)/(-30) - 2). Suppose 3 - o = -y. What are the prime factors of y?
3
Suppose -21 = -i + 4*v, -i = 3*i - 2*v - 28. Let a(b) = 7 + 2*b - 3*b + b**3 + 0*b + i*b**2. What are the prime factors of a(-5)?
2, 3
Let q(x) = 207*x**2 + 7*x - 6. What are the prime factors of q(2)?
2, 11, 19
Let c(i) = -i - 3. Let p be c(-8). Suppose -x + 47 + 37 = -2*q, 0 = -x + p*q + 99. List the prime factors of (x/(-3))/((-22)/33).
37
Suppose -123*w + 133*w - 620 = 0. List the prime factors of w.
2, 31
Let a be 0/(-4) - (-8 + 0). Suppose 5*w = a*w - 666. List the prime factors of w.
2, 3, 37
Suppose 3*s + 5*z - 17 - 3 = 0, -3*z = -3. Suppose -3*i - 493 = -5*h - 4*i, -2*i = -s*h + 484. List the prime factors of h.
2, 7
Let j be (-3 - -7)/(-2) - -4. Let p be (4/(-7))/(j/(-7)). Suppose 7 = p*g - 127. List the prime factors of g.
67
Suppose -453 = -t - 2*v, -2*v - 766 - 633 = -3*t. What are the prime factors of t?
463
Let v = -60 + 157. What are the prime factors of v?
97
Let c = 1052 - 272. What are the prime factors of c?
2, 3, 5, 13
Suppose 2*d - 5*c + 945 = 0, -d = 2*d - 3*c + 1413. Let i = d - -738. What are the prime factors of i?
2, 67
List the prime factors of ((-8)/6 + 60/(-90))*-1801.
2, 1801
Let l = -18 + 19. What are the prime factors of l/(-5) - (-5472)/60?
7, 13
Suppose 0*j = -5*h - j + 770, -3*h = -4*j - 485. Suppose -u = 5*z - 1650, -z + 196 = -4*u - h. List the prime factors of z.
331
List the prime factors of (740 - 11) + (0/1 - -3).
2, 3, 61
Let l = -1899 + 5097. What are the prime factors of l?
2, 3, 13, 41
Suppose 5*i - 2*a - 8208 = 0, 2*i - 3300 = 6*a - a. What are the prime factors of i?
2, 5, 41
Let n be (-38 - 4)/((10/(-4))/(-5)). Suppose 284 = -0*w - 2*w. Let p = n - w. What are the prime factors of p?
2, 29
Let l(a) = 12*a**3 - 13*a + 27. List the prime factors of l(6).
3, 7, 11
Suppose 0 = -3*y - i + 7532, 0 = 8*y - 12*y - 3*i + 10036. List the prime factors of y.
2, 157
Let j = 11 + -49. Let c = j + 122. List the prime factors of c.
2, 3, 7
Suppose 2*m - n - 4*n = -34, n = -5*m - 58. Let w(v) = -v**3 - 11*v**2 + 14*v - 1. Let t be w(m). Let g = 36 + t. List the prime factors of g.
11
Let z(j) = -22*j. Let a be z(-5). Let h be 3/4 + (-4 - 685/(-20)). Suppose -3*l = -4*g + 2*l + a, -g + h = -3*l. List the prime factors of g.
5
Suppose 2*r + 6 = 0, 0 = -2*y - r - 51 + 698. List the prime factors of y.
5, 13
List the prime factors of ((-81)/(4 - 13))/((-2)/(-24)).
2, 3
Suppose -2*a = 2*a - 252. Suppose -d = -a - 35. What are the prime factors of d?
2, 7
Suppose -3*b + a + 46 + 24 = 0, -82 = -3*b - 5*a. Suppose b*d - 19*d - 150 = 0. What are the prime factors of d?
2, 3, 5
What are the prime factors of 911372/378 - 3/81?
2411
Suppose 4*q - 5 = -21. Let k be q/(-20) - (-244)/5. Let j = k + -31. What are the prime factors of j?
2, 3
Let o be 2*(3 - (-1341)/6). Suppose -5*r + o = 2*v, 3*r - 203 - 69 = -v. What are the prime factors of r?
7, 13
Suppose 0 = 2*m + 2*b - 38, m - 23 - 11 = 4*b. Suppose -236 = -4*h - p, 0 = -5*p + 2 - m. Suppose 195 + h = 5*t. List the prime factors of t.
3, 17
Let x = 33 + -94. Let y = x + 20. Let s = y + 57. What are the prime factors of s?
2
Suppose -22 = 6*w - 16. List the prime factors of w*((-83)/2)/(9/18).
83
Let c(g) = -39*g + 1979. List the prime factors of c(0).
1979
Suppose 2 = 5*p - 4*p. Suppose 0 = 2*d, q + 4*d - 114 = -p*q. What are the prime factors of q?
2, 19
Let k be 9/15*(-70)/(-21). Let y(a) = 64*a - 12. What are the prime factors of y(k)?
2, 29
Suppose 0 = 3*b + 4*y - 296, 4*y + 540 = 5*b - y. Suppose -5*s + 310 = 3*j, -b = -j - 4*s + 2*s. What are the prime factors of j?
2, 5
Suppose 2*i + 16 = 4*s, 4*i = 3*s + 2*s - 26. Suppose 5*n - 206 = s*q, -2*q = -4*n + 278 - 72. Let p = q - -154. What are the prime factors of p?
3, 17
Let k(l) = -l**3 - 8*l**2 - 14*l - 3. Let z be -1*(40/4 - 4). Let f be k(z). Suppose -9 - f = -2*o. What are the prime factors of o?
3
Suppose -60*q + 63*q - 2484 = 0. List the prime factors of q.
2, 3, 23
Suppose -4*t - m + 32 = 0, -3*m = -3*t - 6*m + 33. Let q be (8/2)/(t + -9). List the prime factors of 2 + (q - (-9 - 0)).
3
Suppose 3*u = 2*u + 4. Suppose 0 = u*g - 237 + 81. List the prime factors of g.
3, 13
Let w be 44/10 + (-32)/80. Suppose -w*l - 2 = 3*o - 5, 0 = l + 4*o + 9. Suppose 0 = 5*i + 2*a - 85, -3*i + l*a - 4*a + 51 = 0. List the prime factors of i.
17
List the prime factors of ((-1)/(6/(-5188)))/(102/153).
1297
Let t = -70 - -193. Suppose 2*z - 513 = 4*r - t, 3*z - 558 = -3*r. What are the prime factors of z?
3, 7
Let l be 3/((-9)/6) - -2*3. Suppose -10*v + l*v = -1422. List the prime factors of v.
3, 79
List the prime factors of (-198328)/(-156) + 4/6.
2, 3, 53
Suppose -d = 2, -7*f + 3*d = -2*f - 1231. List the prime factors of f.
5, 7
Suppose 12*n + 25 = 121. Suppose 3*u - n - 88 = 0. List the prime factors of u.
2
Suppose 52*p + 264 = 55*p. What are the prime factors of p?
2, 11
Let x(f) = 3*f + 7*f + 2 + 12. Let m(h) = -h**3 + 2*h**2 + 7*h - 7. Let p be m(3). What are the prime factors of x(p)?
2
Suppose 0 = -4*r - 1 - 11. What are the prime factors of 4 + r + 1 + 149 + 2?
3, 17
Suppose 1043 = -2*c - 2*r + r, c + 514 = 2*r. Let s = -295 - c. List the prime factors of s.
3, 5
Let w(m) = 3*m - 9. Let c be w(4). Suppose 288 = c*b + 30. List the prime factors of b.
2, 43
Suppose -12*o + 984 + 6564 = 0. List the prime factors of o.
17, 37
Let s(n) be the third derivative of 1/6*n**4 + 0 + 3/2*n**3 + 0*n - 6*n**2. List the prime factors of s(4).
5
Let s = -66 - -179. Suppose 2*a + 4*d = 56, -6*a = -a + d - s. List the prime factors of a.
2, 11
Let u = 27 + -23. Suppose u*f - 72 = -2*f. Let i = f + -3. What are the prime factors of i?
3
Suppose 0 = -b + 4*r - 3*r + 12, b + r = 20. Suppose 4*d = -b, z + d + 73 = 4*z. Let u = z + -9. List the prime factors of u.
2, 7
Let k(g) = -g - 1. Let j(s) = -6*s - 6. Let a(n) = -2*j(n) + 11*k(n). What are the prime factors of a(1)?
2
Let m = -2383 - -5895. List the prime factors of m.
2, 439
Suppose 2*c - 8 = 0, 3*t - 874 - 252 = -c. What are the prime factors of 4*(3 - 2 - t/(-8))?
191
Let j be (1556/(-10))/(-7 + (-272)/(-40)). Let y = j - 522. List the prime factors of y.
2
Let z(o) = -o**3 + 18*o**2 - 24*o - 18. What are the prime factors of z(13)?
5, 103
Let k be 5*(0/4 + 2). Suppose 0 = -7*s + k*s - 447. What are the prime factors of s?
149
Suppose -272*h + 277*h = 865. What are the prime factors of h?
173
Suppose -1 - 1 = -2*b. Let z(m) = -24*m**2 + 5*m - 1. Let t(s) = 